{"id":6880,"date":"2020-02-01T05:04:23","date_gmt":"2020-02-01T05:04:23","guid":{"rendered":"http:\/\/itacademy.vn\/demo\/demo2\/?page_id=6880"},"modified":"2020-02-21T15:54:20","modified_gmt":"2020-02-21T15:54:20","slug":"giao-vien-hoa-hoc","status":"publish","type":"page","link":"https:\/\/nguyenhuetdnb.edu.vn\/index.php\/giao-vien-hoa-hoc\/","title":{"rendered":"Gi\u00e1o vi\u00ean (H\u00f3a h\u1ecdc)"},"content":{"rendered":"<div id=\"pl-6880\"  class=\"panel-layout\" ><div id=\"pg-6880-0\"  class=\"panel-grid panel-no-style\" ><div id=\"pgc-6880-0-0\"  class=\"panel-grid-cell\" ><div id=\"panel-6880-0-0-0\" class=\"so-panel widget widget_our-team panel-first-child panel-last-child\" data-index=\"0\" ><div class=\"thim-widget-our-team thim-widget-our-team-base template-base\"><div class=\"wrapper-lists-our-team  wpb_animate_when_almost_visible wpb_left-to-right\"><a class=\"join-our-team\" href=\"https:\/\/nguyenhuetdnb.edu.vn\/index.php\/2020\/02\/21\/thong-tin-ca-nhan-nhom-hoa-hoc\/\" title=\"Th\u00f4ng tin\">Th\u00f4ng tin<\/a><div class=\"row\"><div class=\"our-team-item col-sm-3\"><div class=\"our-team-image\"> <a class=\"link-img\" href=\"https:\/\/nguyenhuetdnb.edu.vn\/index.php\/our_team\/nguyen-thi-ngoc-lan\/\"><\/a><img loading=\"lazy\" decoding=\"async\" src=\"https:\/\/nguyenhuetdnb.edu.vn\/wp-content\/uploads\/2020\/02\/C\u00f4-Nguy\u1ec5n-Th\u1ecb-Ng\u1ecdc-Lan-GV-H\u00f3a-scaled-200x200.jpg\" alt=\"C\u00f4 Nguy\u1ec5n Th\u1ecb Ng\u1ecdc Lan GV H\u00f3a\" title=\"C\u00f4 Nguy\u1ec5n Th\u1ecb Ng\u1ecdc Lan GV H\u00f3a\"  width=\"200\" height=\"200\"><div class=\"social-team\"><\/div><\/div><div class=\"content-team\"><h4 class=\"title\"><a href=\"https:\/\/nguyenhuetdnb.edu.vn\/index.php\/our_team\/nguyen-thi-ngoc-lan\/\">C\u00f4 NGUY\u1ec4N TH\u1eca NG\u1eccC LAN<\/a><\/h4><div class = \"regency\">Gi\u00e1o vi\u00ean<\/div><\/div><\/div><div class=\"our-team-item col-sm-3\"><div class=\"our-team-image\"> <a class=\"link-img\" href=\"https:\/\/nguyenhuetdnb.edu.vn\/index.php\/our_team\/nguyen-thi-thu-hien\/\"><\/a><img loading=\"lazy\" decoding=\"async\" src=\"https:\/\/nguyenhuetdnb.edu.vn\/wp-content\/uploads\/2020\/02\/C\u00f4-Nguy\u1ec5n-Th\u1ecb-Hi\u1ec1n-gv-H\u00f3a-200x200.jpg\" alt=\"C\u00f4 Nguy\u1ec5n Th\u1ecb Hi\u1ec1n gv H\u00f3a\" title=\"C\u00f4 Nguy\u1ec5n Th\u1ecb Hi\u1ec1n gv H\u00f3a\"  width=\"200\" height=\"200\"><div class=\"social-team\"><\/div><\/div><div class=\"content-team\"><h4 class=\"title\"><a href=\"https:\/\/nguyenhuetdnb.edu.vn\/index.php\/our_team\/nguyen-thi-thu-hien\/\">C\u00f4 Nguy\u1ec5n Th\u1ecb Thu Hi\u1ec1n<\/a><\/h4><div class = \"regency\">Gi\u00e1o vi\u00ean<\/div><\/div><\/div><div class=\"our-team-item col-sm-3\"><div class=\"our-team-image\"> <a class=\"link-img\" href=\"https:\/\/nguyenhuetdnb.edu.vn\/index.php\/our_team\/ngo-thi-thuy-hang\/\"><\/a><img loading=\"lazy\" decoding=\"async\" src=\"https:\/\/nguyenhuetdnb.edu.vn\/wp-content\/uploads\/2020\/02\/C\u00f4-Ng\u00f4-Th\u1ecb-Th\u00fay-H\u1eb1ng-GV-m\u00f4n-H\u00f3a-2-200x200.jpg\" alt=\"C\u00f4 Ng\u00f4 Th\u1ecb Th\u00fay H\u1eb1ng GV m\u00f4n H\u00f3a (2)\" title=\"C\u00f4 Ng\u00f4 Th\u1ecb Th\u00fay H\u1eb1ng GV m\u00f4n H\u00f3a (2)\"  width=\"200\" height=\"200\"><div class=\"social-team\"><\/div><\/div><div class=\"content-team\"><h4 class=\"title\"><a href=\"https:\/\/nguyenhuetdnb.edu.vn\/index.php\/our_team\/ngo-thi-thuy-hang\/\">C\u00f4 Ng\u00f4 Th\u1ecb Th\u00fay H\u1eb1ng<\/a><\/h4><div class = \"regency\">Gi\u00e1o vi\u00ean<\/div><\/div><\/div><div class=\"our-team-item col-sm-3\"><div class=\"our-team-image\"> <a class=\"link-img\" href=\"https:\/\/nguyenhuetdnb.edu.vn\/index.php\/our_team\/nguyen-cong-truong\/\"><\/a><img loading=\"lazy\" decoding=\"async\" src=\"https:\/\/nguyenhuetdnb.edu.vn\/wp-content\/uploads\/2020\/02\/Th\u1ea7y-Nguy\u1ec5n-C\u00f4ng-Tr\u01b0\u1eddng-GV-m\u00f4n-H\u00f3a-200x200.jpg\" alt=\"Th\u1ea7y Nguy\u1ec5n C\u00f4ng Tr\u01b0\u1eddng GV m\u00f4n H\u00f3a\" title=\"Th\u1ea7y Nguy\u1ec5n C\u00f4ng Tr\u01b0\u1eddng GV m\u00f4n H\u00f3a\"  width=\"200\" height=\"200\"><div class=\"social-team\"><\/div><\/div><div class=\"content-team\"><h4 class=\"title\"><a href=\"https:\/\/nguyenhuetdnb.edu.vn\/index.php\/our_team\/nguyen-cong-truong\/\">Th\u1ea7y Nguy\u1ec5n C\u00f4ng Tr\u01b0\u1eddng<\/a><\/h4><div class = \"regency\">Gi\u00e1o vi\u00ean<\/div><\/div><\/div><div class=\"our-team-item col-sm-3\"><div class=\"our-team-image\"> <a class=\"link-img\" href=\"https:\/\/nguyenhuetdnb.edu.vn\/index.php\/our_team\/pham-thi-nga\/\"><\/a><img loading=\"lazy\" decoding=\"async\" src=\"https:\/\/nguyenhuetdnb.edu.vn\/wp-content\/uploads\/2020\/02\/C\u00f4-Ph\u1ea1m-Th\u1ecb-Nga-GV-m\u00f4n-H\u00f3a-200x200.jpg\" alt=\"C\u00f4 Ph\u1ea1m Th\u1ecb Nga GV m\u00f4n H\u00f3a\" title=\"C\u00f4 Ph\u1ea1m Th\u1ecb Nga GV m\u00f4n H\u00f3a\"  width=\"200\" height=\"200\"><div class=\"social-team\"><\/div><\/div><div class=\"content-team\"><h4 class=\"title\"><a href=\"https:\/\/nguyenhuetdnb.edu.vn\/index.php\/our_team\/pham-thi-nga\/\">C\u00f4 Ph\u1ea1m Th\u1ecb Nga<\/a><\/h4><div class = \"regency\">Gi\u00e1o vi\u00ean<\/div><\/div><\/div><div class=\"our-team-item col-sm-3\"><div class=\"our-team-image\"> <a class=\"link-img\" href=\"https:\/\/nguyenhuetdnb.edu.vn\/index.php\/our_team\/do-thi-lam-thanh\/\"><\/a><img loading=\"lazy\" decoding=\"async\" src=\"https:\/\/nguyenhuetdnb.edu.vn\/wp-content\/uploads\/2020\/02\/C\u00f4-\u0110\u1ed7-L\u00e2m-Thanh-GV-m\u00f4n-H\u00f3a-scaled-200x200.jpg\" alt=\"C\u00f4 \u0110\u1ed7 L\u00e2m Thanh GV m\u00f4n H\u00f3a\" title=\"C\u00f4 \u0110\u1ed7 L\u00e2m Thanh GV m\u00f4n H\u00f3a\"  width=\"200\" height=\"200\"><div class=\"social-team\"><\/div><\/div><div class=\"content-team\"><h4 class=\"title\"><a href=\"https:\/\/nguyenhuetdnb.edu.vn\/index.php\/our_team\/do-thi-lam-thanh\/\">C\u00f4 \u0110\u1ed7 Th\u1ecb L\u00e2m Thanh<\/a><\/h4><div class = \"regency\">T\u1ed5 Tr\u01b0\u1edfng t\u1ed5 l\u00fd h\u00f3a<\/div><\/div><\/div><\/div><\/div><\/div><\/div><\/div><\/div><\/div>","protected":false},"excerpt":{"rendered":"","protected":false},"author":2,"featured_media":0,"parent":0,"menu_order":0,"comment_status":"closed","ping_status":"closed","template":"","meta":{"_bbp_topic_count":0,"_bbp_reply_count":0,"_bbp_total_topic_count":0,"_bbp_total_reply_count":0,"_bbp_voice_count":0,"_bbp_anonymous_reply_count":0,"_bbp_topic_count_hidden":0,"_bbp_reply_count_hidden":0,"_bbp_forum_subforum_count":0,"footnotes":""},"class_list":["post-6880","page","type-page","status-publish","hentry"],"_links":{"self":[{"href":"https:\/\/nguyenhuetdnb.edu.vn\/index.php\/wp-json\/wp\/v2\/pages\/6880","targetHints":{"allow":["GET"]}}],"collection":[{"href":"https:\/\/nguyenhuetdnb.edu.vn\/index.php\/wp-json\/wp\/v2\/pages"}],"about":[{"href":"https:\/\/nguyenhuetdnb.edu.vn\/index.php\/wp-json\/wp\/v2\/types\/page"}],"author":[{"embeddable":true,"href":"https:\/\/nguyenhuetdnb.edu.vn\/index.php\/wp-json\/wp\/v2\/users\/2"}],"replies":[{"embeddable":true,"href":"https:\/\/nguyenhuetdnb.edu.vn\/index.php\/wp-json\/wp\/v2\/comments?post=6880"}],"version-history":[{"count":0,"href":"https:\/\/nguyenhuetdnb.edu.vn\/index.php\/wp-json\/wp\/v2\/pages\/6880\/revisions"}],"wp:attachment":[{"href":"https:\/\/nguyenhuetdnb.edu.vn\/index.php\/wp-json\/wp\/v2\/media?parent=6880"}],"curies":[{"name":"wp","href":"https:\/\/api.w.org\/{rel}","templated":true}]}}