{"id":6889,"date":"2020-02-01T05:09:54","date_gmt":"2020-02-01T05:09:54","guid":{"rendered":"http:\/\/itacademy.vn\/demo\/demo2\/?page_id=6889"},"modified":"2020-02-21T16:01:53","modified_gmt":"2020-02-21T16:01:53","slug":"giao-vien-van-hoc","status":"publish","type":"page","link":"https:\/\/nguyenhuetdnb.edu.vn\/index.php\/giao-vien-van-hoc\/","title":{"rendered":"Gi\u00e1o vi\u00ean (V\u0103n h\u1ecdc)"},"content":{"rendered":"<div id=\"pl-6889\"  class=\"panel-layout\" ><div id=\"pg-6889-0\"  class=\"panel-grid panel-no-style\" ><div id=\"pgc-6889-0-0\"  class=\"panel-grid-cell\" ><div id=\"panel-6889-0-0-0\" class=\"so-panel widget widget_our-team panel-first-child panel-last-child\" data-index=\"0\" ><div class=\"thim-widget-our-team thim-widget-our-team-base template-base\"><div class=\"wrapper-lists-our-team  wpb_animate_when_almost_visible wpb_left-to-right\"><a class=\"join-our-team\" href=\"https:\/\/nguyenhuetdnb.edu.vn\/index.php\/2020\/02\/21\/thong-tin-ca-nhan-nhom-van-hoc\/\" title=\"Th\u00f4ng tin\">Th\u00f4ng tin<\/a><div class=\"row\"><div class=\"our-team-item col-sm-3\"><div class=\"our-team-image\"> <a class=\"link-img\" href=\"https:\/\/nguyenhuetdnb.edu.vn\/index.php\/our_team\/co-dinh-thi-hong\/\"><\/a><img loading=\"lazy\" decoding=\"async\" src=\"https:\/\/nguyenhuetdnb.edu.vn\/wp-content\/uploads\/2024\/01\/z5122491593336_c5fc93db3d5154449117ee47c1cced8b-200x200.jpg\" alt=\"z5122491593336_c5fc93db3d5154449117ee47c1cced8b\" title=\"z5122491593336_c5fc93db3d5154449117ee47c1cced8b\"  width=\"200\" height=\"200\"><div class=\"social-team\"><\/div><\/div><div class=\"content-team\"><h4 class=\"title\"><a href=\"https:\/\/nguyenhuetdnb.edu.vn\/index.php\/our_team\/co-dinh-thi-hong\/\">C\u00f4 \u0110inh Th\u1ecb H\u1ed3ng<\/a><\/h4><div class = \"regency\">Gi\u00e1o vi\u00ean<\/div><\/div><\/div><div class=\"our-team-item col-sm-3\"><div class=\"our-team-image\"> <a class=\"link-img\" href=\"https:\/\/nguyenhuetdnb.edu.vn\/index.php\/our_team\/mai-thi-hoan\/\"><\/a><img loading=\"lazy\" decoding=\"async\" src=\"https:\/\/nguyenhuetdnb.edu.vn\/wp-content\/uploads\/2020\/02\/Mai-Th\u1ecb-Ho\u00e0n-200x200.png\" alt=\"Mai Th\u1ecb Ho\u00e0n\" title=\"Mai Th\u1ecb Ho\u00e0n\"  width=\"200\" height=\"200\"><div class=\"social-team\"><\/div><\/div><div class=\"content-team\"><h4 class=\"title\"><a href=\"https:\/\/nguyenhuetdnb.edu.vn\/index.php\/our_team\/mai-thi-hoan\/\">Mai Th\u1ecb Ho\u00e0n<\/a><\/h4><div class = \"regency\">Gi\u00e1o vi\u00ean<\/div><\/div><\/div><div class=\"our-team-item col-sm-3\"><div class=\"our-team-image\"> <a class=\"link-img\" href=\"https:\/\/nguyenhuetdnb.edu.vn\/index.php\/our_team\/vu-thi-gam\/\"><\/a><img loading=\"lazy\" decoding=\"async\" src=\"https:\/\/nguyenhuetdnb.edu.vn\/wp-content\/uploads\/2020\/02\/C\u00f4-V\u0169-Th\u1ecb-G\u1ea5m-GV-V\u0103n-200x200.jpg\" alt=\"C\u00f4 V\u0169 Th\u1ecb G\u1ea5m GV V\u0103n\" title=\"C\u00f4 V\u0169 Th\u1ecb G\u1ea5m GV V\u0103n\"  width=\"200\" height=\"200\"><div class=\"social-team\"><\/div><\/div><div class=\"content-team\"><h4 class=\"title\"><a href=\"https:\/\/nguyenhuetdnb.edu.vn\/index.php\/our_team\/vu-thi-gam\/\">V\u0169 Th\u1ecb G\u1ea5m<\/a><\/h4><div class = \"regency\">Gi\u00e1o vi\u00ean<\/div><\/div><\/div><div class=\"our-team-item col-sm-3\"><div class=\"our-team-image\"> <a class=\"link-img\" href=\"https:\/\/nguyenhuetdnb.edu.vn\/index.php\/our_team\/co-nguyen-thi-thu-thoa\/\"><\/a><img loading=\"lazy\" decoding=\"async\" src=\"https:\/\/nguyenhuetdnb.edu.vn\/wp-content\/uploads\/2020\/02\/C\u00f4-Nguy\u1ec5n-Thu-Thoa-t\u1ed5-tr\u01b0\u1edfng-t\u00f4-v\u0103n-s\u1eed-200x200.jpg\" alt=\"C\u00f4 Nguy\u1ec5n Thu Thoa t\u1ed5 tr\u01b0\u1edfng t\u00f4 v\u0103n s\u1eed\" title=\"C\u00f4 Nguy\u1ec5n Thu Thoa t\u1ed5 tr\u01b0\u1edfng t\u00f4 v\u0103n s\u1eed\"  width=\"200\" height=\"200\"><div class=\"social-team\"><\/div><\/div><div class=\"content-team\"><h4 class=\"title\"><a href=\"https:\/\/nguyenhuetdnb.edu.vn\/index.php\/our_team\/co-nguyen-thi-thu-thoa\/\">C\u00f4 Nguy\u1ec5n Th\u1ecb Thu Thoa<\/a><\/h4><div class = \"regency\">T\u1ed5 tr\u01b0\u1edfng t\u1ed5 V\u0103n S\u1eed<\/div><\/div><\/div><div class=\"our-team-item col-sm-3\"><div class=\"our-team-image\"> <a class=\"link-img\" href=\"https:\/\/nguyenhuetdnb.edu.vn\/index.php\/our_team\/co-vu-thi-huong-thao\/\"><\/a><img loading=\"lazy\" decoding=\"async\" src=\"https:\/\/nguyenhuetdnb.edu.vn\/wp-content\/uploads\/2020\/02\/V\u0169-Th\u1ecb-H\u01b0\u01a1ng-Th\u1ea3o-200x200.jpg\" alt=\"V\u0169 Th\u1ecb H\u01b0\u01a1ng Th\u1ea3o\" title=\"V\u0169 Th\u1ecb H\u01b0\u01a1ng Th\u1ea3o\"  width=\"200\" height=\"200\"><div class=\"social-team\"><\/div><\/div><div class=\"content-team\"><h4 class=\"title\"><a href=\"https:\/\/nguyenhuetdnb.edu.vn\/index.php\/our_team\/co-vu-thi-huong-thao\/\">C\u00f4 V\u0169 Th\u1ecb H\u01b0\u01a1ng Th\u1ea3o<\/a><\/h4><div class = \"regency\">Gi\u00e1o vi\u00ean<\/div><\/div><\/div><div class=\"our-team-item col-sm-3\"><div class=\"our-team-image\"> <a class=\"link-img\" href=\"https:\/\/nguyenhuetdnb.edu.vn\/index.php\/our_team\/co-pham-thi-hang-phuong\/\"><\/a><img loading=\"lazy\" decoding=\"async\" src=\"https:\/\/nguyenhuetdnb.edu.vn\/wp-content\/uploads\/2020\/02\/C\u00f4-Ph\u1ea1m-H\u1eb1ng-Ph\u01b0\u01a1ng-GV-V\u0103n-200x200.jpg\" alt=\"C\u00f4 Ph\u1ea1m H\u1eb1ng Ph\u01b0\u01a1ng GV V\u0103n\" title=\"C\u00f4 Ph\u1ea1m H\u1eb1ng Ph\u01b0\u01a1ng GV V\u0103n\"  width=\"200\" height=\"200\"><div class=\"social-team\"><\/div><\/div><div class=\"content-team\"><h4 class=\"title\"><a href=\"https:\/\/nguyenhuetdnb.edu.vn\/index.php\/our_team\/co-pham-thi-hang-phuong\/\">C\u00f4 Ph\u1ea1m Th\u1ecb H\u1eb1ng Ph\u01b0\u01a1ng<\/a><\/h4><div class = \"regency\">Gi\u00e1o vi\u00ean<\/div><\/div><\/div><div class=\"our-team-item col-sm-3\"><div class=\"our-team-image\"> <a class=\"link-img\" href=\"https:\/\/nguyenhuetdnb.edu.vn\/index.php\/our_team\/co-nguyen-thi-phuong-lan\/\"><\/a><img loading=\"lazy\" decoding=\"async\" src=\"https:\/\/nguyenhuetdnb.edu.vn\/wp-content\/uploads\/2020\/02\/C\u00f4-Nguy\u1ec5n-Ph\u01b0\u01a1ng-Lan-GV-V\u0103n-200x200.jpeg\" alt=\"C\u00f4 Nguy\u1ec5n Ph\u01b0\u01a1ng Lan GV V\u0103n\" title=\"C\u00f4 Nguy\u1ec5n Ph\u01b0\u01a1ng Lan GV V\u0103n\"  width=\"200\" height=\"200\"><div class=\"social-team\"><\/div><\/div><div class=\"content-team\"><h4 class=\"title\"><a href=\"https:\/\/nguyenhuetdnb.edu.vn\/index.php\/our_team\/co-nguyen-thi-phuong-lan\/\">C\u00f4 Nguy\u1ec5n Th\u1ecb Ph\u01b0\u01a1ng Lan<\/a><\/h4><div class = \"regency\">Gi\u00e1o vi\u00ean<\/div><\/div><\/div><div class=\"our-team-item col-sm-3\"><div class=\"our-team-image\"> <a class=\"link-img\" href=\"https:\/\/nguyenhuetdnb.edu.vn\/index.php\/our_team\/co-tong-thi-huong-giang\/\"><\/a><img loading=\"lazy\" decoding=\"async\" src=\"https:\/\/nguyenhuetdnb.edu.vn\/wp-content\/uploads\/2020\/02\/C\u00f4-T\u1ed1ng-H\u01b0\u01a1ng-Giang-GV-V\u0103n-200x200.jpg\" alt=\"C\u00f4 T\u1ed1ng H\u01b0\u01a1ng Giang GV V\u0103n\" title=\"C\u00f4 T\u1ed1ng H\u01b0\u01a1ng Giang GV V\u0103n\"  width=\"200\" height=\"200\"><div class=\"social-team\"><\/div><\/div><div class=\"content-team\"><h4 class=\"title\"><a href=\"https:\/\/nguyenhuetdnb.edu.vn\/index.php\/our_team\/co-tong-thi-huong-giang\/\">C\u00f4 T\u1ed1ng Th\u1ecb H\u01b0\u01a1ng Giang<\/a><\/h4><div class = \"regency\">Gi\u00e1o vi\u00ean<\/div><\/div><\/div><div class=\"our-team-item col-sm-3\"><div class=\"our-team-image\"> <a class=\"link-img\" href=\"https:\/\/nguyenhuetdnb.edu.vn\/index.php\/our_team\/co-phan-thi-thu-hien\/\"><\/a><img loading=\"lazy\" decoding=\"async\" src=\"https:\/\/nguyenhuetdnb.edu.vn\/wp-content\/uploads\/2020\/02\/C\u00f4-Phan-Th\u1ecb-Thu-Hi\u1ec1n-GV-V\u0103n-200x200.jpg\" alt=\"C\u00f4 Phan Th\u1ecb Thu Hi\u1ec1n GV V\u0103n\" title=\"C\u00f4 Phan Th\u1ecb Thu Hi\u1ec1n GV V\u0103n\"  width=\"200\" height=\"200\"><div class=\"social-team\"><\/div><\/div><div class=\"content-team\"><h4 class=\"title\"><a href=\"https:\/\/nguyenhuetdnb.edu.vn\/index.php\/our_team\/co-phan-thi-thu-hien\/\">C\u00f4 Phan Th\u1ecb Thu Hi\u1ec1n<\/a><\/h4><div class = \"regency\">Gi\u00e1o vi\u00ean<\/div><\/div><\/div><\/div><\/div><\/div><\/div><\/div><\/div><\/div>","protected":false},"excerpt":{"rendered":"","protected":false},"author":2,"featured_media":0,"parent":0,"menu_order":0,"comment_status":"closed","ping_status":"closed","template":"","meta":{"_bbp_topic_count":0,"_bbp_reply_count":0,"_bbp_total_topic_count":0,"_bbp_total_reply_count":0,"_bbp_voice_count":0,"_bbp_anonymous_reply_count":0,"_bbp_topic_count_hidden":0,"_bbp_reply_count_hidden":0,"_bbp_forum_subforum_count":0,"footnotes":""},"class_list":["post-6889","page","type-page","status-publish","hentry"],"_links":{"self":[{"href":"https:\/\/nguyenhuetdnb.edu.vn\/index.php\/wp-json\/wp\/v2\/pages\/6889","targetHints":{"allow":["GET"]}}],"collection":[{"href":"https:\/\/nguyenhuetdnb.edu.vn\/index.php\/wp-json\/wp\/v2\/pages"}],"about":[{"href":"https:\/\/nguyenhuetdnb.edu.vn\/index.php\/wp-json\/wp\/v2\/types\/page"}],"author":[{"embeddable":true,"href":"https:\/\/nguyenhuetdnb.edu.vn\/index.php\/wp-json\/wp\/v2\/users\/2"}],"replies":[{"embeddable":true,"href":"https:\/\/nguyenhuetdnb.edu.vn\/index.php\/wp-json\/wp\/v2\/comments?post=6889"}],"version-history":[{"count":0,"href":"https:\/\/nguyenhuetdnb.edu.vn\/index.php\/wp-json\/wp\/v2\/pages\/6889\/revisions"}],"wp:attachment":[{"href":"https:\/\/nguyenhuetdnb.edu.vn\/index.php\/wp-json\/wp\/v2\/media?parent=6889"}],"curies":[{"name":"wp","href":"https:\/\/api.w.org\/{rel}","templated":true}]}}